{"id":4159,"date":"2022-06-25T08:45:17","date_gmt":"2022-06-25T08:45:17","guid":{"rendered":"https:\/\/wyckerveste.nl\/portfolio\/wenkebachstraat\/"},"modified":"2026-03-05T19:23:35","modified_gmt":"2026-03-05T19:23:35","slug":"wenkebachstraat","status":"publish","type":"portfolio","link":"https:\/\/wyckerveste.nl\/de\/portfolio\/de\/wenkebachstraat\/","title":{"rendered":"Wenkebachstraat"},"content":{"rendered":"\t\t<div data-elementor-type=\"wp-post\" data-elementor-id=\"4159\" class=\"elementor elementor-4159 elementor-2686\">\n\t\t\t\t\t\t<section class=\"elementor-section elementor-top-section elementor-element elementor-element-4bba7883 elementor-section-height-min-height elementor-section-boxed elementor-section-height-default elementor-section-items-middle\" data-id=\"4bba7883\" data-element_type=\"section\" data-e-type=\"section\" data-settings=\"{&quot;background_background&quot;:&quot;slideshow&quot;,&quot;background_slideshow_gallery&quot;:[{&quot;id&quot;:4160,&quot;url&quot;:&quot;https:\\\/\\\/wyckerveste.nl\\\/wp-content\\\/uploads\\\/2022\\\/05\\\/Foto-Wenckebachstraat--scaled.jpg&quot;}],&quot;background_slideshow_slide_duration&quot;:3000,&quot;background_slideshow_loop&quot;:&quot;yes&quot;,&quot;background_slideshow_slide_transition&quot;:&quot;fade&quot;,&quot;background_slideshow_transition_duration&quot;:500}\">\n\t\t\t\t\t\t<div class=\"elementor-container elementor-column-gap-default\">\n\t\t\t\t\t<div class=\"elementor-column elementor-col-100 elementor-top-column elementor-element elementor-element-1f3d8523\" data-id=\"1f3d8523\" data-element_type=\"column\" data-e-type=\"column\">\n\t\t\t<div class=\"elementor-widget-wrap elementor-element-populated\">\n\t\t\t\t\t\t<section class=\"elementor-section elementor-inner-section elementor-element elementor-element-324be9d3 elementor-section-boxed elementor-section-height-default elementor-section-height-default\" data-id=\"324be9d3\" data-element_type=\"section\" data-e-type=\"section\">\n\t\t\t\t\t\t<div class=\"elementor-container elementor-column-gap-default\">\n\t\t\t\t\t<div class=\"elementor-column elementor-col-50 elementor-inner-column elementor-element elementor-element-24179aca\" data-id=\"24179aca\" data-element_type=\"column\" data-e-type=\"column\">\n\t\t\t<div class=\"elementor-widget-wrap\">\n\t\t\t\t\t\t\t<\/div>\n\t\t<\/div>\n\t\t\t\t<div class=\"elementor-column elementor-col-50 elementor-inner-column elementor-element elementor-element-69c4d30b\" data-id=\"69c4d30b\" data-element_type=\"column\" data-e-type=\"column\">\n\t\t\t<div class=\"elementor-widget-wrap\">\n\t\t\t\t\t\t\t<\/div>\n\t\t<\/div>\n\t\t\t\t\t<\/div>\n\t\t<\/section>\n\t\t\t\t\t<\/div>\n\t\t<\/div>\n\t\t\t\t\t<\/div>\n\t\t<\/section>\n\t\t\t\t<section class=\"elementor-section elementor-top-section elementor-element elementor-element-75e695d6 elementor-section-boxed elementor-section-height-default elementor-section-height-default\" data-id=\"75e695d6\" data-element_type=\"section\" data-e-type=\"section\">\n\t\t\t\t\t\t<div class=\"elementor-container elementor-column-gap-default\">\n\t\t\t\t\t<div class=\"elementor-column elementor-col-50 elementor-top-column elementor-element elementor-element-39f3de33 entry__article\" data-id=\"39f3de33\" data-element_type=\"column\" data-e-type=\"column\">\n\t\t\t<div class=\"elementor-widget-wrap elementor-element-populated\">\n\t\t\t\t\t\t<div class=\"elementor-element elementor-element-31a37d2c elementor-widget elementor-widget-heading\" data-id=\"31a37d2c\" data-element_type=\"widget\" data-e-type=\"widget\" data-widget_type=\"heading.default\">\n\t\t\t\t<div class=\"elementor-widget-container\">\n\t\t\t\t\t<h1 class=\"elementor-heading-title elementor-size-default\">Wenckebachstraat<\/h1>\t\t\t\t<\/div>\n\t\t\t\t<\/div>\n\t\t\t\t<div class=\"elementor-element elementor-element-54fa0082 elementor-widget elementor-widget-text-editor\" data-id=\"54fa0082\" data-element_type=\"widget\" data-e-type=\"widget\" data-widget_type=\"text-editor.default\">\n\t\t\t\t<div class=\"elementor-widget-container\">\n\t\t\t\t\t\t\t\t\t<p>Im Jahr 2021 schloss Wyckerveste eine Kooperationsvereinbarung mit WDP Nederland ab, um f\u00fcr die Logistik bestimmte Grundst\u00fccke zu entwickeln und zu vermieten. Im Jahr 2022 arbeitete Wyckerveste die Pl\u00e4ne f\u00fcr die Entwicklung von rund 15.000 m\u00b2 Logistikfl\u00e4che und B\u00fcros an diesem Standort weiter aus. Die geplante Fertigstellung war f\u00fcr die zweite H\u00e4lfte des Jahres 2023 vorgesehen.  <\/p><p>Im September 2023 k\u00fcndigten wir den Bau eines hochmodernen und nachhaltigen Lagerhauses an der Wenckebachstraat in Kerkrade an. Das Geb\u00e4ude verf\u00fcgt \u00fcber eine Fl\u00e4che von 16.200 m\u00b2, einschlie\u00dflich B\u00fcros und Mezzaninen, besitzt einen Triple-A-Status und wurde von Widdershoven Architecten entworfen. <\/p><p>Nach fast einem Jahr Bauzeit haben wir in Zusammenarbeit mit WDP \u2013 Warehouses with brains und Derckx | ontwerp | bouw f\u00fcr WSP Parkstad einen neuen KANS-Standort an der Wenckebachstraat 2C in Kerkrade fertiggestellt. Einheit A verf\u00fcgt \u00fcber eine Grundfl\u00e4che von 5.597 m\u00b2. <\/p><p>Inzwischen wurde mit der Einrichtung und dem Umzug begonnen. Im August 2024 k\u00f6nnen sich 200 Mitarbeiter von WSP Parkstad auf einen angenehmen neuen Arbeitsstandort freuen. An diesem Standort wird WSP Parkstad ein neues Entwicklungsprogramm starten, um SW-Mitarbeiter mit Fernbleiben vom Arbeitsmarkt wieder an einen Arbeitsplatz heranzuf\u00fchren.  <\/p><p>Das Endergebnis kann sich sehen lassen, und wir danken allen beteiligten Parteien f\u00fcr ihren Einsatz und die hervorragende Zusammenarbeit!<\/p>\t\t\t\t\t\t\t\t<\/div>\n\t\t\t\t<\/div>\n\t\t\t\t\t<\/div>\n\t\t<\/div>\n\t\t\t\t<div class=\"elementor-column elementor-col-50 elementor-top-column elementor-element elementor-element-1adead06\" data-id=\"1adead06\" data-element_type=\"column\" data-e-type=\"column\">\n\t\t\t<div class=\"elementor-widget-wrap elementor-element-populated\">\n\t\t\t\t\t\t<div class=\"elementor-element elementor-element-24d4a224 elementor-widget elementor-widget-heading\" data-id=\"24d4a224\" data-element_type=\"widget\" data-e-type=\"widget\" data-widget_type=\"heading.default\">\n\t\t\t\t<div class=\"elementor-widget-container\">\n\t\t\t\t\t<h5 class=\"elementor-heading-title elementor-size-default\">Standort<\/h5>\t\t\t\t<\/div>\n\t\t\t\t<\/div>\n\t\t\t\t<div class=\"elementor-element elementor-element-6591e6fd elementor-widget elementor-widget-heading\" data-id=\"6591e6fd\" data-element_type=\"widget\" data-e-type=\"widget\" data-widget_type=\"heading.default\">\n\t\t\t\t<div class=\"elementor-widget-container\">\n\t\t\t\t\t<span class=\"elementor-heading-title elementor-size-default\">Wenckebachstraat, 6466 NC Kerkrade<\/span>\t\t\t\t<\/div>\n\t\t\t\t<\/div>\n\t\t\t\t<div class=\"elementor-element elementor-element-234c9351 elementor-widget elementor-widget-heading\" data-id=\"234c9351\" data-element_type=\"widget\" data-e-type=\"widget\" data-widget_type=\"heading.default\">\n\t\t\t\t<div class=\"elementor-widget-container\">\n\t\t\t\t\t<h5 class=\"elementor-heading-title elementor-size-default\">BGF<\/h5>\t\t\t\t<\/div>\n\t\t\t\t<\/div>\n\t\t\t\t<div class=\"elementor-element elementor-element-45541caf elementor-widget elementor-widget-heading\" data-id=\"45541caf\" data-element_type=\"widget\" data-e-type=\"widget\" data-widget_type=\"heading.default\">\n\t\t\t\t<div class=\"elementor-widget-container\">\n\t\t\t\t\t<span class=\"elementor-heading-title elementor-size-default\">16.200 m\u00b2<\/span>\t\t\t\t<\/div>\n\t\t\t\t<\/div>\n\t\t\t\t<div class=\"elementor-element elementor-element-f727223 elementor-widget elementor-widget-heading\" data-id=\"f727223\" data-element_type=\"widget\" data-e-type=\"widget\" data-widget_type=\"heading.default\">\n\t\t\t\t<div class=\"elementor-widget-container\">\n\t\t\t\t\t<h5 class=\"elementor-heading-title elementor-size-default\">Angebot<\/h5>\t\t\t\t<\/div>\n\t\t\t\t<\/div>\n\t\t\t\t<div class=\"elementor-element elementor-element-51a3bf56 elementor-widget elementor-widget-heading\" data-id=\"51a3bf56\" data-element_type=\"widget\" data-e-type=\"widget\" data-widget_type=\"heading.default\">\n\t\t\t\t<div class=\"elementor-widget-container\">\n\t\t\t\t\t<span class=\"elementor-heading-title elementor-size-default\">Logistik \/ B\u00fcros <\/span>\t\t\t\t<\/div>\n\t\t\t\t<\/div>\n\t\t\t\t<div class=\"elementor-element elementor-element-7e69957 elementor-widget elementor-widget-heading\" data-id=\"7e69957\" data-element_type=\"widget\" data-e-type=\"widget\" data-widget_type=\"heading.default\">\n\t\t\t\t<div class=\"elementor-widget-container\">\n\t\t\t\t\t<h5 class=\"elementor-heading-title elementor-size-default\">Nachhaltigkeit<\/h5>\t\t\t\t<\/div>\n\t\t\t\t<\/div>\n\t\t\t\t<div class=\"elementor-element elementor-element-98a8077 elementor-widget elementor-widget-heading\" data-id=\"98a8077\" data-element_type=\"widget\" data-e-type=\"widget\" data-widget_type=\"heading.default\">\n\t\t\t\t<div class=\"elementor-widget-container\">\n\t\t\t\t\t<span class=\"elementor-heading-title elementor-size-default\">BREEAM Good \/ Energielabel A+++<\/span>\t\t\t\t<\/div>\n\t\t\t\t<\/div>\n\t\t\t\t<div class=\"elementor-element elementor-element-812552a elementor-widget elementor-widget-heading\" data-id=\"812552a\" data-element_type=\"widget\" data-e-type=\"widget\" data-widget_type=\"heading.default\">\n\t\t\t\t<div class=\"elementor-widget-container\">\n\t\t\t\t\t<h5 class=\"elementor-heading-title elementor-size-default\">Fertigstellung<\/h5>\t\t\t\t<\/div>\n\t\t\t\t<\/div>\n\t\t\t\t<div class=\"elementor-element elementor-element-1c8d4cb elementor-widget elementor-widget-heading\" data-id=\"1c8d4cb\" data-element_type=\"widget\" data-e-type=\"widget\" data-widget_type=\"heading.default\">\n\t\t\t\t<div class=\"elementor-widget-container\">\n\t\t\t\t\t<span class=\"elementor-heading-title elementor-size-default\">2024<\/span>\t\t\t\t<\/div>\n\t\t\t\t<\/div>\n\t\t\t\t<div class=\"elementor-element elementor-element-009df12 elementor-widget elementor-widget-button\" data-id=\"009df12\" data-element_type=\"widget\" data-e-type=\"widget\" data-widget_type=\"button.default\">\n\t\t\t\t<div class=\"elementor-widget-container\">\n\t\t\t\t\t\t\t\t\t<div class=\"elementor-button-wrapper\">\n\t\t\t\t\t<a class=\"elementor-button elementor-button-link elementor-size-sm\" href=\"https:\/\/wyckerveste.nl\/de\/portfolio\/de\/wenckebachstraat-unit-b\/\">\n\t\t\t\t\t\t<span class=\"elementor-button-content-wrapper\">\n\t\t\t\t\t\t\t\t\t<span class=\"elementor-button-text\">Sehen Sie sich hier das Mietangebot an<\/span>\n\t\t\t\t\t<\/span>\n\t\t\t\t\t<\/a>\n\t\t\t\t<\/div>\n\t\t\t\t\t\t\t\t<\/div>\n\t\t\t\t<\/div>\n\t\t\t\t\t<\/div>\n\t\t<\/div>\n\t\t\t\t\t<\/div>\n\t\t<\/section>\n\t\t\t\t<\/div>\n\t\t","protected":false},"excerpt":{"rendered":"<p>Wenckebachstraat Im Jahr 2021 schloss Wyckerveste eine Kooperationsvereinbarung mit WDP Nederland ab, um f\u00fcr die Logistik bestimmte Grundst\u00fccke zu entwickeln&#8230;<\/p>\n","protected":false},"author":1,"featured_media":4160,"menu_order":0,"comment_status":"open","ping_status":"open","template":"","format":"standard","meta":{"footnotes":""},"portfolio_categories":[36],"class_list":["post-4159","portfolio","type-portfolio","status-publish","format-standard","has-post-thumbnail","hentry","portfolio_categories-logistiek"],"_links":{"self":[{"href":"https:\/\/wyckerveste.nl\/de\/wp-json\/wp\/v2\/portfolio\/4159","targetHints":{"allow":["GET"]}}],"collection":[{"href":"https:\/\/wyckerveste.nl\/de\/wp-json\/wp\/v2\/portfolio"}],"about":[{"href":"https:\/\/wyckerveste.nl\/de\/wp-json\/wp\/v2\/types\/portfolio"}],"author":[{"embeddable":true,"href":"https:\/\/wyckerveste.nl\/de\/wp-json\/wp\/v2\/users\/1"}],"replies":[{"embeddable":true,"href":"https:\/\/wyckerveste.nl\/de\/wp-json\/wp\/v2\/comments?post=4159"}],"version-history":[{"count":2,"href":"https:\/\/wyckerveste.nl\/de\/wp-json\/wp\/v2\/portfolio\/4159\/revisions"}],"predecessor-version":[{"id":4336,"href":"https:\/\/wyckerveste.nl\/de\/wp-json\/wp\/v2\/portfolio\/4159\/revisions\/4336"}],"wp:featuredmedia":[{"embeddable":true,"href":"https:\/\/wyckerveste.nl\/de\/wp-json\/wp\/v2\/media\/4160"}],"wp:attachment":[{"href":"https:\/\/wyckerveste.nl\/de\/wp-json\/wp\/v2\/media?parent=4159"}],"wp:term":[{"taxonomy":"portfolio_categories","embeddable":true,"href":"https:\/\/wyckerveste.nl\/de\/wp-json\/wp\/v2\/portfolio_categories?post=4159"}],"curies":[{"name":"wp","href":"https:\/\/api.w.org\/{rel}","templated":true}]}}

<div data-elementor-type="wp-post" data-elementor-id="4159" class="elementor elementor-4159 elementor-2686">
						<section class="elementor-section elementor-top-section elementor-element elementor-element-4bba7883 elementor-section-height-min-height elementor-section-boxed elementor-section-height-default elementor-section-items-middle" data-id="4bba7883" data-element_type="section" data-e-type="section" data-settings="{&quot;background_background&quot;:&quot;slideshow&quot;,&quot;background_slideshow_gallery&quot;:[{&quot;id&quot;:4160,&quot;url&quot;:&quot;https:\/\/wyckerveste.nl\/wp-content\/uploads\/2022\/05\/Foto-Wenckebachstraat--scaled.jpg&quot;}],&quot;background_slideshow_slide_duration&quot;:3000,&quot;background_slideshow_loop&quot;:&quot;yes&quot;,&quot;background_slideshow_slide_transition&quot;:&quot;fade&quot;,&quot;background_slideshow_transition_duration&quot;:500}">
						<div class="elementor-container elementor-column-gap-default">
					<div class="elementor-column elementor-col-100 elementor-top-column elementor-element elementor-element-1f3d8523" data-id="1f3d8523" data-element_type="column" data-e-type="column">
			<div class="elementor-widget-wrap elementor-element-populated">
						<section class="elementor-section elementor-inner-section elementor-element elementor-element-324be9d3 elementor-section-boxed elementor-section-height-default elementor-section-height-default" data-id="324be9d3" data-element_type="section" data-e-type="section">
						<div class="elementor-container elementor-column-gap-default">
					<div class="elementor-column elementor-col-50 elementor-inner-column elementor-element elementor-element-24179aca" data-id="24179aca" data-element_type="column" data-e-type="column">
			<div class="elementor-widget-wrap">
							</div>
		</div>
				<div class="elementor-column elementor-col-50 elementor-inner-column elementor-element elementor-element-69c4d30b" data-id="69c4d30b" data-element_type="column" data-e-type="column">
			<div class="elementor-widget-wrap">
							</div>
		</div>
					</div>
		</section>
					</div>
		</div>
					</div>
		</section>
				<section class="elementor-section elementor-top-section elementor-element elementor-element-75e695d6 elementor-section-boxed elementor-section-height-default elementor-section-height-default" data-id="75e695d6" data-element_type="section" data-e-type="section">
						<div class="elementor-container elementor-column-gap-default">
					<div class="elementor-column elementor-col-50 elementor-top-column elementor-element elementor-element-39f3de33 entry__article" data-id="39f3de33" data-element_type="column" data-e-type="column">
			<div class="elementor-widget-wrap elementor-element-populated">
						<div class="elementor-element elementor-element-31a37d2c elementor-widget elementor-widget-heading" data-id="31a37d2c" data-element_type="widget" data-e-type="widget" data-widget_type="heading.default">
				<div class="elementor-widget-container">
					<h1 class="elementor-heading-title elementor-size-default">Wenckebachstraat</h1>				</div>
				</div>
				<div class="elementor-element elementor-element-54fa0082 elementor-widget elementor-widget-text-editor" data-id="54fa0082" data-element_type="widget" data-e-type="widget" data-widget_type="text-editor.default">
				<div class="elementor-widget-container">
									<p>Im Jahr 2021 schloss Wyckerveste eine Kooperationsvereinbarung mit WDP Nederland ab, um für die Logistik bestimmte Grundstücke zu entwickeln und zu vermieten. Im Jahr 2022 arbeitete Wyckerveste die Pläne für die Entwicklung von rund 15.000 m² Logistikfläche und Büros an diesem Standort weiter aus. Die geplante Fertigstellung war für die zweite Hälfte des Jahres 2023 vorgesehen.  </p><p>Im September 2023 kündigten wir den Bau eines hochmodernen und nachhaltigen Lagerhauses an der Wenckebachstraat in Kerkrade an. Das Gebäude verfügt über eine Fläche von 16.200 m², einschließlich Büros und Mezzaninen, besitzt einen Triple-A-Status und wurde von Widdershoven Architecten entworfen. </p><p>Nach fast einem Jahr Bauzeit haben wir in Zusammenarbeit mit WDP – Warehouses with brains und Derckx | ontwerp | bouw für WSP Parkstad einen neuen KANS-Standort an der Wenckebachstraat 2C in Kerkrade fertiggestellt. Einheit A verfügt über eine Grundfläche von 5.597 m². </p><p>Inzwischen wurde mit der Einrichtung und dem Umzug begonnen. Im August 2024 können sich 200 Mitarbeiter von WSP Parkstad auf einen angenehmen neuen Arbeitsstandort freuen. An diesem Standort wird WSP Parkstad ein neues Entwicklungsprogramm starten, um SW-Mitarbeiter mit Fernbleiben vom Arbeitsmarkt wieder an einen Arbeitsplatz heranzuführen.  </p><p>Das Endergebnis kann sich sehen lassen, und wir danken allen beteiligten Parteien für ihren Einsatz und die hervorragende Zusammenarbeit!</p>								</div>
				</div>
					</div>
		</div>
				<div class="elementor-column elementor-col-50 elementor-top-column elementor-element elementor-element-1adead06" data-id="1adead06" data-element_type="column" data-e-type="column">
			<div class="elementor-widget-wrap elementor-element-populated">
						<div class="elementor-element elementor-element-24d4a224 elementor-widget elementor-widget-heading" data-id="24d4a224" data-element_type="widget" data-e-type="widget" data-widget_type="heading.default">
				<div class="elementor-widget-container">
					<h5 class="elementor-heading-title elementor-size-default">Standort</h5>				</div>
				</div>
				<div class="elementor-element elementor-element-6591e6fd elementor-widget elementor-widget-heading" data-id="6591e6fd" data-element_type="widget" data-e-type="widget" data-widget_type="heading.default">
				<div class="elementor-widget-container">
					<span class="elementor-heading-title elementor-size-default">Wenckebachstraat, 6466 NC Kerkrade</span>				</div>
				</div>
				<div class="elementor-element elementor-element-234c9351 elementor-widget elementor-widget-heading" data-id="234c9351" data-element_type="widget" data-e-type="widget" data-widget_type="heading.default">
				<div class="elementor-widget-container">
					<h5 class="elementor-heading-title elementor-size-default">BGF</h5>				</div>
				</div>
				<div class="elementor-element elementor-element-45541caf elementor-widget elementor-widget-heading" data-id="45541caf" data-element_type="widget" data-e-type="widget" data-widget_type="heading.default">
				<div class="elementor-widget-container">
					<span class="elementor-heading-title elementor-size-default">16.200 m²</span>				</div>
				</div>
				<div class="elementor-element elementor-element-f727223 elementor-widget elementor-widget-heading" data-id="f727223" data-element_type="widget" data-e-type="widget" data-widget_type="heading.default">
				<div class="elementor-widget-container">
					<h5 class="elementor-heading-title elementor-size-default">Angebot</h5>				</div>
				</div>
				<div class="elementor-element elementor-element-51a3bf56 elementor-widget elementor-widget-heading" data-id="51a3bf56" data-element_type="widget" data-e-type="widget" data-widget_type="heading.default">
				<div class="elementor-widget-container">
					<span class="elementor-heading-title elementor-size-default">Logistik / Büros </span>				</div>
				</div>
				<div class="elementor-element elementor-element-7e69957 elementor-widget elementor-widget-heading" data-id="7e69957" data-element_type="widget" data-e-type="widget" data-widget_type="heading.default">
				<div class="elementor-widget-container">
					<h5 class="elementor-heading-title elementor-size-default">Nachhaltigkeit</h5>				</div>
				</div>
				<div class="elementor-element elementor-element-98a8077 elementor-widget elementor-widget-heading" data-id="98a8077" data-element_type="widget" data-e-type="widget" data-widget_type="heading.default">
				<div class="elementor-widget-container">
					<span class="elementor-heading-title elementor-size-default">BREEAM Good / Energielabel A+++</span>				</div>
				</div>
				<div class="elementor-element elementor-element-812552a elementor-widget elementor-widget-heading" data-id="812552a" data-element_type="widget" data-e-type="widget" data-widget_type="heading.default">
				<div class="elementor-widget-container">
					<h5 class="elementor-heading-title elementor-size-default">Fertigstellung</h5>				</div>
				</div>
				<div class="elementor-element elementor-element-1c8d4cb elementor-widget elementor-widget-heading" data-id="1c8d4cb" data-element_type="widget" data-e-type="widget" data-widget_type="heading.default">
				<div class="elementor-widget-container">
					<span class="elementor-heading-title elementor-size-default">2024</span>				</div>
				</div>
				<div class="elementor-element elementor-element-009df12 elementor-widget elementor-widget-button" data-id="009df12" data-element_type="widget" data-e-type="widget" data-widget_type="button.default">
				<div class="elementor-widget-container">
									<div class="elementor-button-wrapper">
					<a class="elementor-button elementor-button-link elementor-size-sm" href="https://wyckerveste.nl/de/portfolio/de/wenckebachstraat-unit-b/">
						<span class="elementor-button-content-wrapper">
									<span class="elementor-button-text">Sehen Sie sich hier das Mietangebot an</span>
					</span>
					</a>
				</div>
								</div>
				</div>
					</div>
		</div>
					</div>
		</section>
				</div>

<p>Wenckebachstraat Im Jahr 2021 schloss Wyckerveste eine Kooperationsvereinbarung mit WDP Nederland ab, um für die Logistik bestimmte Grundstücke zu entwickeln&#8230;</p>
